 - p(j). What is the remainder when 53 is divided by x(7)?
17
Let y = -630 - -638. What is the remainder when y is divided by 2?
0
Let w be 15*1*(0 + -3). What is the remainder when -3*(-4)/(-30)*-80 is divided by (-62)/(-6) + (-30)/w?
10
Let l(z) = 2*z**2 + z - 3. Let f be l(-4). Suppose -m = -f + 7. Suppose 4*c - 16 = 0, -2*c = -d + 9 + 16. What is the remainder when d is divided by m?
15
Let j(o) = o**2 + 3*o + 1. Suppose 3*m = -6*m. Suppose 4*h - h - 126 = m. What is the remainder when h is divided by j(-5)?
9
Suppose -3*j - 77 + 212 = 0. Let c = 24 + -11. Suppose 23 = 3*k - c. Calculate the remainder when j is divided by k.
9
Suppose -51*f + 1586 = 10*f. Suppose 3*g + 42 = 345. What is the remainder when g is divided by f?
23
Suppose b - 28 = -3*b. Suppose -150 = r - b*r. Calculate the remainder when r is divided by 6.
1
What is the remainder when 117 is divided by (-12)/18*75/(-10)?
2
Let p = -81 - -95. Suppose -3*s + 329 = -139. Let x = s - 101. What is the remainder when x is divided by p?
13
Suppose -3 = -2*h - u, -10 - 15 = 5*u. Suppose 34 - 10 = 4*p. Suppose -6 = 3*y - p*y. What is the remainder when h is divided by y?
0
Let p(r) = -r**2 - 33*r - 99. Calculate the remainder when p(-26) is divided by 46.
37
Suppose -3*x - 321 = -4*m - 1654, -3*m = -4*x + 1782. What is the remainder when x is divided by 15?
12
Let h = -99 + 182. What is the remainder when 165 is divided by h?
82
Let f(u) be the first derivative of -35*u**2/2 + 6*u + 9. Calculate the remainder when f(-1) is divided by 22.
19
Let n(f) = 3*f. Let p = -122 + 127. Calculate the remainder when p is divided by n(1).
2
Let k(u) = 3*u**2 + 4*u. Suppose 8 + 1 = -a. Let l = a - -68. What is the remainder when l is divided by k(-3)?
14
Let w(p) = 9*p**3 - 3*p**2 + 2*p - 3. Let l(k) = -8*k - 1 + k + 6*k. Let x be l(-3). What is the remainder when w(x) is divided by 16?
13
Suppose 3*g = -4*n + 632, -g + 6*g = -20. Calculate the remainder when n is divided by 27.
26
Let m be (-4)/(-8)*-236*2/4. Let n = m - -144. Calculate the remainder when n is divided by 22.
19
Suppose -3*i = -c - 70, -c + 26 = i - 0*c. Calculate the remainder when i is divided by -4 + 2 + 3 + 12.
11
Suppose 12*d - 244 - 260 = 0. What is the remainder when 103 is divided by d?
19
Suppose -2*n + 104 = 5*a, -2*a + 0*a - 4*n = -32. Suppose -z + 4*o = -1, 2*z + 2*o - 2 = 4*o. Calculate the remainder when a is divided by 0/z + 1 + 11.
10
Suppose 4*z - 2*g - 147 - 35 = 0, -g = z - 38. Calculate the remainder when z is divided by 9.
7
Suppose 0*s + 12 = 4*s. Suppose s*j = -2*r + j - 2, -3*r + 4*j + 18 = 0. Calculate the remainder when r is divided by 2.
0
Let x = 1222 - 1059. Calculate the remainder when x is divided by 10.
3
Suppose -5*j - 14 - 12 = -a, -2*a = 5*j - 37. Calculate the remainder when 6 is divided by a/(-2)*(-8)/14.
0
Let b be (-18)/99 + 898/(-22). Let y = b + 46. Calculate the remainder when 11 is divided by y.
1
What is the remainder when 55 is divided by 20/(0 - 8/(-12))?
25
Suppose 0 = -4*d - d - t + 227, d - 61 = 5*t. Suppose 38*o = 6*o + 5792. Calculate the remainder when o is divided by d.
43
Suppose 0 = 5*t + 5*n + 22 - 92, 14 = t - 5*n. Let g = -36 + 60. Suppose 0 = -23*k + g*k - 8. What is the remainder when t is divided by k?
6
Let s = -481 - -674. Calculate the remainder when s is divided by 39.
37
Let c = -1771 - -1778. What is the remainder when 181 is divided by c?
6
Let r be -2*((-2)/4)/((-7)/21). Calculate the remainder when ((-1)/r*70)/((-16)/(-24)) is divided by 12.
11
Suppose s = 6*s - 345. Suppose 19*u - 16*u = s. What is the remainder when u is divided by 15?
8
Suppose 0 = 72*v - 66*v - 96. Calculate the remainder when 157 is divided by v.
13
Suppose 6*q - 12 = 12. Suppose -2*r + 0*r + 8 = -q*h, h - 20 = -5*r. Suppose 0 = k - r - 2. What is the remainder when 11 is divided by k?
5
Let j(w) = w**3 - 44*w**2 + w - 40. Calculate the remainder when 72 is divided by j(44).
0
Suppose 2*t - 2*h = 2, -2*t + t - h = -11. Suppose -t*a = -a - 35. Let s(k) = -k**2 - 7*k - 8. Calculate the remainder when a is divided by s(-3).
3
Suppose 38*r - 3339 = 17*r. Calculate the remainder when r is divided by 20.
19
Suppose 2*s + 68 = -3*m, 0*s = 2*s - 2*m + 48. Calculate the remainder when s*7/((-112)/12) is divided by 12.
9
Let o = 770 - 761. What is the remainder when 395 is divided by o?
8
Let a = 31 - 3. Suppose -24*b + 20*b = -a. Calculate the remainder when 11 is divided by b.
4
Let g be 1 + 4/((-16)/(-20)). Suppose -g*o + 115 = -o. Calculate the remainder when o is divided by 6.
5
Let g = -1111 - -1115. Suppose -4*u + 3*o + 72 = 0, 0 = -5*u - 2*o + 6*o + 90. Calculate the remainder when u is divided by g.
2
Let w be (-69)/(-1) - 2/((-8)/(-4)). Let d = w - 31. Calculate the remainder when 145 is divided by d.
34
Suppose 0 = 233*b - 240*b + 728. What is the remainder when b is divided by 56?
48
Let t = 43 - 33. What is the remainder when 43 is divided by 2/5 + 106/t?
10
Suppose -3*y = -m + 8 - 136, -m = 3*y - 124. Let w = 17 + y. What is the remainder when w is divided by 20?
19
Suppose 53*p - 499 = 52*p. Calculate the remainder when p is divided by 100.
99
Suppose 0 = -3*g + 2*g + 3. Suppose -s - 4*q = -0*s - 32, 96 = g*s + 4*q. Let p(y) = 17*y**3 - y**2 + 1. What is the remainder when s is divided by p(1)?
15
Suppose 0*y - 159 = -3*y. Let k = 98 - 71. What is the remainder when y is divided by k?
26
Suppose 0 = -49*p + 44*p - 5*k + 230, 5*p - 194 = 4*k. Let s(j) = -j**3 + 9*j**2 + j + 7. What is the remainder when p is divided by s(9)?
10
Let z(x) = x**2 - 24*x + 10. Let u be z(24). Suppose u*s = -0*s + 180. What is the remainder when 70 is divided by s?
16
Let s(q) = -q**3 - 2*q**2 - 14. What is the remainder when 265 is divided by s(-4)?
13
Suppose -2*w + 2*t + 72 = 0, 6*w - 4*t - 176 = w. Let q = 42 - w. Calculate the remainder when q is divided by 2.
0
Let t(i) = 11*i - 13*i + 3 + 24*i + 2*i**2 + 1. What is the remainder when 7 is divided by t(-11)?
3
Let m(a) = 3*a**2 + a + 10. What is the remainder when 62 is divided by m(-3)?
28
Suppose 5*c - 160 = 4*c. Suppose y = -y + c. Let f = y - 57. What is the remainder when f is divided by 8?
7
Let t = -2 - -28. Suppose 413 = 2*w + o, 5*o - 656 + 1681 = 5*w. Calculate the remainder when w is divided by t.
24
Let a = -1424 - -1439. Calculate the remainder when 45 is divided by a.
0
Suppose 0 = -3*u + 40 - 28. Suppose -u*x = -2*m - 24 - 36, -5*x = m - 82. Calculate the remainder when 78 is divided by x.
14
Suppose -3*k - 23*k = -546. Calculate the remainder when 838 is divided by k.
19
Suppose 3*o - 420 = -222. What is the remainder when 389 is divided by o?
59
Let a = 52 - 55. What is the remainder when ((-38)/(-3))/(a/(-9)) is divided by 10?
8
Suppose -5 = 6*h - 5*h - 4*d, h - d - 4 = 0. Calculate the remainder when 26 is divided by h.
5
Let g(q) = -4*q**3 + 2*q - 2. Let r = -25 + 28. Suppose 5*s - r*p + 18 - 54 = 0, 0 = 3*p - 9. Calculate the remainder when g(-2) is divided by s.
8
Suppose 5*o + 10 = 0, 5*s - 12 = 3*o + 204. Suppose -18 - s = -5*b. What is the remainder when 44 + (-1 - -1 - -2) is divided by b?
10
Let u be 13*(-12 + (8 - 5)). Let w = u + 130. What is the remainder when 37 is divided by w?
11
Let c(q) = 2*q**2 + 7. Let n be c(0). Suppose -4*f + 71 - n = 0. Calculate the remainder when 44 is divided by f.
12
Let p = 443 + -402. What is the remainder when p is divided by 17?
7
Suppose -l + 27 = -2*q, 84*q = -4*l + 89*q + 93. What is the remainder when 1561 is divided by l?
14
What is the remainder when 106 is divided by 41 - (-7)/((-7)/3)?
30
Let f = 39 + -37. Calculate the remainder when 45 is divided by (16 - 2) + f + 0.
13
Let c(m) be the second derivative of m**4/12 - m**3/3 - 9*m**2/2 + m + 8. Let t(z) = -5*z - 1. Calculate the remainder when c(-4) is divided by t(-1).
3
Suppose -5*a - 4 + 984 = 0. Suppose a = -3*n + 553. Calculate the remainder when n is divided by 30.
29
What is the remainder when (16/240*-5)/((-2)/402) is divided by 2/(-6)*(-53 - -2)?
16
Calculate the remainder when 15 + -8 + 1106/7 is divided by 45.
30
Let l be (-4)/10 - (-26)/(-10). Let x be (l - -6 - 5) + 14. What is the remainder when 67 is divided by 202/x + (-11)/(-66)?
16
Suppose -246 = 435*l - 438*l. What is the remainder when l is divided by 16?
2